 10. Let b(x) be the third derivative of -x**4/4 - x**3/6 - x**2. What is b(y)?
23
Let b(c) be the third derivative of -c**6/120 + c**5/30 + c**4/24 + c**3/2 - 887*c**2. Calculate b(2).
5
Suppose 139*c - 135*c - 70 = 2*x, -3*x = -15. Let z(v) = -v**2 + 18*v + 41. Calculate z(c).
1
Suppose -2*w + 0*w = 10. Let h(p) = -237*p - 68*p**2 + 73*p**2 + 239*p + p**3 + 6. What is h(w)?
-4
Let m(u) be the second derivative of -17/3*u**3 - 124*u + 0 + 1/2*u**2. Calculate m(1).
-33
Let b(j) = -j**3 - 4*j**2 + 7*j + 6. Suppose 5*w + 337 - 280 = -4*c, 5*w - c + 17 = 0. What is b(w)?
-4
Let y be (-1)/8 - ((-10 - 4) + (-696)/(-64)). Let m(k) = 15*k - 55. What is m(y)?
-10
Let k(p) = -12*p - 14. Let d be 112 + -106 - (2 - -6). Calculate k(d).
10
Let l(w) = -w**2 - 2*w + 3. Let i be (-1)/3 - 1394/(-123). Suppose -3 = -4*v + 5*a - i, a = 2*v - 2. What is l(v)?
-12
Let i(f) be the second derivative of 3/2*f**2 - f + 1/3*f**3 - 1/4*f**4 + 0. Let w(q) be the first derivative of i(q). What is w(3)?
-16
Let v(g) = -2*g**3 + 4*g**2 - 4*g. Let j = 19854 + -19852. Determine v(j).
-8
Let h(a) be the second derivative of -a**6/60 - a**5/30 + a**4/12 + a**3/3 - 221*a**2/2 + 290*a. Let m(i) be the first derivative of h(i). Give m(2).
-18
Let c(u) = u - 1. Let p(l) = 2*l**3 - 6*l**2 - 16*l + 66. Let v be p(7). Let z = -348 + v. Determine c(z).
-3
Let y(z) = -22*z**2 - 10*z + 18. Let s(v) = -5*v**2 - 2*v + 4. Let w(k) = 26*s(k) - 6*y(k). What is w(-6)?
20
Let b(n) be the first derivative of -n**4/4 - n**3 + n**2/2 + 3*n + 721. What is b(-1)?
0
Let s = -519 - -543. Suppose 40*x - s = 46*x. Let g(r) = -r + 1. Give g(x).
5
Let g(h) be the first derivative of h**4/4 - h - 1. Let w be (-506)/(-30) - 17 - 85/(-75). What is g(w)?
0
Let f(u) = -22244*u - 10 + 11123*u - u**3 + 8*u**2 + 11119*u. What is f(7)?
25
Let s(j) = 190*j - 9. Let v(a) = 36*a - 2. Let h(p) = 2*s(p) - 11*v(p). Calculate h(1).
-12
Let k(i) be the third derivative of -i**6/60 - i**5/12 - i**4/8 + i**3/3 + 3959*i**2. Let o = -11 + 8. What is k(o)?
20
Let s(o) be the first derivative of -o**3/3 + 13*o**2/2 + 27*o + 1434. Determine s(15).
-3
Let j(x) = 23 - 9*x - 90 + 11 + 79. What is j(2)?
5
Let o(z) be the second derivative of -153*z - 5/6*z**3 + 0 + 3/4*z**4 + 1/20*z**5 - z**2. What is o(-9)?
43
Suppose -2*f - 4*t = 34, -2*t = 5*f + 30 + 15. Let m(x) be the third derivative of x**5/60 + x**4/2 + 4*x**3/3 + 4*x**2. What is m(f)?
-27
Suppose -2*q = 4*x - 4*q - 176, -5*q + 106 = 3*x. Let u(a) = 23*a - 1 + 16*a - x*a. Calculate u(1).
-4
Let d(x) = x**3 - 2*x**2 - 68. Let w be (0/3*15/30)/(1*4). Calculate d(w).
-68
Let x(d) = -26*d**2 + 44*d**2 - 10*d**2. Give x(2).
32
Let h(d) = 6*d - 11. Let p be h(3). Let o(z) = 10*z + 1. Let j(l) = 17*l. Let x(f) = 3*j(f) - 5*o(f). Give x(p).
2
Let o(w) = -3*w**2 + 5*w - 3. Let l(a) = -4*a**2 + 5*a - 2. Let r(h) = 2*l(h) - 3*o(h). Suppose -6*d = 5*c - 62, 29*d - c + 11 = 30*d. What is r(d)?
19
Let x = -438 + 435. Let z(u) = -16*u**2 - 6*u - 10. Let b(p) = 13*p**2 + 5*p + 9. Let o(j) = -6*b(j) - 5*z(j). What is o(x)?
14
Let y(r) = -r**3 + 3*r**2 + r - 9. Let h be y(3). Let w be (-3)/h*(6 - -4). Suppose w*c - 6 = -3*v, 0 = -6*c + 4*c. Let u(b) = 2*b**2 - b - 1. Calculate u(v).
5
Let m(w) = -3 + 4*w - w + 15. Let u(a) = -3*a - 11. Let c(p) = 5*p**2 - 303*p - 119. Let l be c(61). Let y(g) = l*m(g) + 4*u(g). Calculate y(-8).
16
Let g(c) = 6*c**2 - 163*c + 180. Let z be g(26). Let w(p) be the second derivative of -7*p**4/6 - p**3/3 - p**2 + 6*p. What is w(z)?
-54
Let g(v) = 2188 - v**2 + 40*v - 4559 + 2056. Calculate g(29).
4
Let i(u) = 2*u**2 - 3*u - 3. Let t be 427/5 - 6/15. Suppose -t = -2*o - 27. Let b = o + -26. What is i(b)?
6
Let v(q) = 5*q - 305. Let f(m) = -4*m**2 - 217*m - 968. Let t be f(-49). Give v(t).
0
Let w(u) = -29*u**2 - 171*u + 23. Let y be w(-6). Let m(b) = -b**2 + 7*b - 2. Let z(x) = x**2 - 7*x + 3. Let v(f) = -3*m(f) - 2*z(f). Give v(y).
-10
Let q be (2/6)/(7/(-6) + 1). Let b be 616/(-132) + q/6. Let m(s) = -s**2 - 8*s - 5. Give m(b).
10
Let t(f) = 4*f - 13 + 10 - 4*f + 4 + 6*f. Let s = -3 + 9. Suppose -s*j - 5 = -j. What is t(j)?
-5
Let h = 1 - 0. Let n(m) be the second derivative of 0 + 1/4*m**4 - 1/2*m**2 + 0*m**3 - 302*m. What is n(h)?
2
Let b(o) = -o**2 - 8*o. Let m = 66 + -30. Suppose 2*k = -k + m. Suppose 12*i - 14*i = k. Give b(i).
12
Suppose 20*m = 16*m - 3*d + 58, 82 = 5*m - d. Let v(i) = -i**3 + 16*i**2 - 2*i. Calculate v(m).
-32
Let h(l) = l**3 + 48*l**2 - 5*l - 86. Let y be h(-48). Suppose -34*t + 23*t + y = 0. Let o(s) = -s**2 + 12*s + 20. Give o(t).
-8
Let y(f) = -f**3 + 6*f**2 + 15*f + 4. Let b be y(8). Let m(o) = -21*o - 7*o + 23*o - 7. Give m(b).
13
Let i be (1 + -3)/(((-8)/(-140))/((-15)/35)). Suppose 1 = 2*o - 3. Let c(t) = 5*t - i*t**2 + 6 - 14*t**2 + 28*t**o. Give c(6).
0
Let w(h) = -2*h**2 - 31*h - 32. Let a be -5 + 5 + (9 - 17) + -7. Determine w(a).
-17
Let t(n) = 6*n + 3. Let d(q) = -q**3 + 5*q**2 - 4*q - 3. Suppose 5*z + 5 = -2*a, -4*z + 0 + 13 = 5*a. Let i be 4/(-2)*(a + -7). Let k be d(i). Determine t(k).
-15
Let n be (-6)/15 - 54/(-10). Let h(c) = n*c - 12*c - 18 + 0*c + 3*c. Let g be h(-5). Let u(b) = 3*b**2 - 2*b + 1. Calculate u(g).
9
Suppose 4*j + 96 = 316. Suppose -6*k - 7 = -j. Suppose 0 = k*n + 5*n - 39. Let g(b) = -2*b + 4. Give g(n).
-2
Let d(c) = 7*c - 10. Let p(h) = 13*h - 18. Let l(b) = 11*d(b) - 6*p(b). Let u = 84 - 130. Let v be u/20*-2 - 63/105. Calculate l(v).
-6
Let c(x) = 7*x + 233. Let a(p) = -6*p - 118. Let y(u) = 5*a(u) + 3*c(u). Calculate y(13).
-8
Suppose 0*v - x = 3*v - 158, 1 = -x. Suppose 0 = -5*n - 18 + v. Let b(w) = w - 15. What is b(n)?
-8
Let w(d) = -357*d - 2142. Let h be w(-6). Let z(s) = s**3 - 2*s**2 - 4*s + 7. What is z(h)?
7
Let t(c) = 2*c**3 + 31*c**2 + 13*c - 36. Suppose 81*l = -26*l + 440 - 2045. What is t(l)?
-6
Let n = 5 + 1. Suppose 2*u + 5 = a, 4*u = -2*a - 0*u + 2. Let v(o) = -3*o - 9 + n*o**2 + 23*o**a - 8*o**3 - 14*o**3. What is v(-6)?
9
Let x(t) = 2*t - 11. Suppose -1 + 16 = -3*n, -n = -5*s + 35. Give x(s).
1
Let f(k) be the first derivative of k**2 - 2*k - 2528. Let i = -2 - -4. Calculate f(i).
2
Let y(m) = -m**3 + 5*m**2 + 24*m + 4. Let h be y(-3). Let j(u) = -u**3 + 6*u**2 - 2*u - 6. Determine j(h).
18
Suppose -46*l + 45*l = 24*p - 41, -31 = -5*p + 3*l. Let b(a) be the second derivative of -a**5/20 + a**4/6 + a**3/3 + 2*a. Calculate b(p).
4
Let l be 0 - -12 - (-770)/(-70). Let u(s) = -28*s + 4. Determine u(l).
-24
Let u be (-1)/((-6)/(-2))*0. Let n(f) = f**2 + f + 6. Let y be n(u). Let r(a) = -2 - 2505*a + 1214*a + 1290*a. What is r(y)?
-8
Suppose -2*v - 7*v - 633 = -471. Let h(d) = d**3 + 18*d**2 - 4*d - 63. Determine h(v).
9
Let f(w) = 3*w + 7. Suppose -23*k - 735 = -30*k. Suppose 85 = 4*n + k. Calculate f(n).
-8
Let i(y) = -y**3 + 9*y - 16. Suppose 235*f - 4*b = 234*f + 32, -4*f + 10*b = -74. Determine i(f).
12
Let n = 6646 + -6643. Let a(z) = -3*z - 22. Calculate a(n).
-31
Let v be (-12)/(-15)*(4 + 1). Let h(d) be the second derivative of -d**4/12 + d**3 - d**2 + 14775*d. Determine h(v).
6
Let t(v) = -v**3 - 24*v**2 - 21*v + 57. Let f be (-8)/6 - 560/21 - -5. What is t(f)?
11
Let w = -76/3 - -305/12. Let f(p) be the third derivative of w*p**4 + 0*p - 1/3*p**3 + 0 + 22*p**2. Give f(4).
6
Let r = 7635 - 7633. Let b(s) = -2*s**3 - 3*s**2 + 8*s - 3. What is b(r)?
-15
Let q(y) = 0 + 1125*y**2 - 1127*y**2 + 4*y - 2 - 6*y**3. Let t be q(1). Let s(u) = u - 5. What is s(t)?
-11
Let d be (-2)/(-16) - 2050/656. Let m(j) = j - 26. Determine m(d).
-29
Let i(k) = 6*k**3 - k**2 + k + 3. Let z be 12 + -26 - 1*-16. Determine i(z).
49
Let r = -193 + 195. Let i(c) = -r*c - 200 - 190 + 397. Determine i(9).
-11
Let x(r) = -107*r**3 + 42*r**2 - 147*r - 63. Let n(a) = -57*a**3 + 21*a**2 - 74*a - 32. Let z(w) = -15*n(w) + 8*x(w). Give z(17).
10
Let q(u) = 5*u**2 - 16*u + 9. Let g(v) = -v**2 + 2*v - 1. Let m(a) = -6*g(a) - q(a). Let y(c) = c**2 + 6*c - 6. Let x = -15 - -9. Let i be y(x). Give m(i).
9
Let s(n) = 3*n - 7. Let p be s(-3). Let g(w) = 2*w**2 + 32*w - 5. Let x be g(p). Let b(f) = -f - 2. Let c(u) = 3*u + 3. Let d(l) = -5*b(l) - 2*c(l). Give d(x).
9
Let n be 3/((12/16)/1). Let z(t) = 5*t**3 + t**2 - 4*t - 1 - n*t**3 - 2 + 0. Let c be (-140)/75 - (-1)/15*(6 + -8). Calculate z(c).
1
Let l(f) = 10*f